{"id":142,"date":"2020-12-18T18:20:33","date_gmt":"2020-12-18T21:20:33","guid":{"rendered":"https:\/\/wecu.com.ar\/?page_id=142"},"modified":"2021-01-13T14:41:03","modified_gmt":"2021-01-13T17:41:03","slug":"home","status":"publish","type":"page","link":"https:\/\/wecu.com.ar\/","title":{"rendered":"Inicio"},"content":{"rendered":"<h2>Potenciamos oportunidades de mejora en tu empresa.<\/h2>\n<p>\t\t\t<svg version=\"1.1\" xmlns=\"http:\/\/www.w3.org\/2000\/svg\" xmlns:xlink=\"http:\/\/www.w3.org\/1999\/xlink\" x=\"0px\" y=\"0px\" width=\"min(200px, 30vw)\"\n\t viewBox=\"0 0 106.5 92.9\" style=\"enable-background:new 0 0 106.5 92.9;\" xml:space=\"preserve\"><\/p>\n<style type=\"text\/css\">\n\t.st0{fill:#fbfbfd;}\n\t.st1{fill:#fbfbfd;}\n\t.st2{fill:#fbfbfd;}\n\t.st3{fill:#fbfbfd;}\n<\/style>\n<p><g>\n\t<path d=\"M55,77c6.1,0.1,10.5-3.9,10.5-9.6c0-5.4-4.7-10.3-10.1-10.4c-5.5-0.1-10.7,5-10.5,10.5\n\t\tC45.1,73.1,49.2,77,55,77z\"\/>\n\t<path d=\"M76.3,31.9c5.7,0,10.3-4.3,10.4-9.8c0.1-5.6-4.3-10.2-9.9-10.2c-6.1-0.1-10.1,3.8-10.2,9.8\n\t\tC66.5,27.6,70.5,31.9,76.3,31.9z\"\/>\n\t<path d=\"M81.8,47.1c0-6-4-10.1-9.8-10.2c-5.2-0.1-10.3,4.9-10.3,10.1c0,5.8,4.3,10,10.1,9.9C77.9,57,81.9,53,81.8,47.1\n\t\tz\"\/>\n\t<path d=\"M30,81c6.1,0,9.9-3.7,9.9-9.8c0-6-4.1-10.3-9.8-10.2c-5.4,0.1-10.1,4.7-10.2,10.2C19.7,76.8,24.1,81,30,81z\"\/>\n<\/g>\n<\/svg><\/p>\n<h2>C\u00f3mo somos<\/h2>\n<p><strong>wecu<\/strong> es un aliado tanto para profesionales como para empresas, que genera sinergia entre ellos con el objetivo de alcanzar un efecto superador, que maximice las cualidades y las posibilidades de todos los actores involucrados.<\/p>\n<p>\t\t\t<svg version=\"1.1\" xmlns=\"http:\/\/www.w3.org\/2000\/svg\" xmlns:xlink=\"http:\/\/www.w3.org\/1999\/xlink\" x=\"0px\" y=\"0px\" width=\"max(15vw, 120px)\" height=\"auto\"\n\t viewBox=\"0 0 312.5 174.9\" style=\"enable-background:new 0 0 312.5 174.9;\" xml:space=\"preserve\">\n<g>\n\t<path fill=\"#F9B374\" d=\"M210.8,126.5c39.6-22.4,62.8-55.4,64.3-101.9c0.3-7.9,3.3-13.9,10.6-17.1c6.7-2.9,13.1-2,18.5,3\n\t\tc4.1,3.8,6,8.6,5.9,14.3c-0.6,37.7-13.7,70.5-38.9,98.5c-13.6,15.1-29.6,27.2-48,35.9c-34.3,16.2-70.1,19.9-107.1,11.3\n\t\tc-35.7-8.4-64.8-27.3-87.3-56.1C8.4,88-2.2,57.8-2.4,24.2C-2.5,13.5,4.9,5.9,15.1,5.8c9.9-0.1,17.2,7.2,17.4,17.9\n\t\tc0.3,19.9,5.1,38.4,15,55.7c12.7,22.1,30.7,38.3,53.7,48.9c29.9,13.8,60.7,15.1,92,5.4C199.2,131.9,205.2,129.7,210.8,126.5z\"\/>\n\t<path fill=\"#F9B374\" d=\"M74.1,61.6c-6.4-11.3-9.2-23.9-9.5-37c-0.1-7,4.1-11.5,10.3-11.6c5.8,0,10.1,4.5,10.2,11.2\n\t\tc0.6,47.3,50,78.6,94.4,62.3c28.8-10.5,44.4-31.5,46.1-62.3c0.4-6.9,4.4-11.3,10.3-11.2c6.3,0.1,10.4,4.5,10.2,11.6\n\t\tc-0.8,28.6-12.6,52.1-35.9,68.5c-32.7,23.1-67.3,24.5-102.3,5C92.9,89.9,81.5,77.6,74.1,61.6z\"\/>\n<\/g>\n<\/svg><br \/>\n\t\t\t\t\t\t\t\t\t\t<img decoding=\"async\" width=\"683\" height=\"1024\" src=\"https:\/\/wecu.com.ar\/wp-content\/uploads\/2020\/12\/consultoria-estrategica-wecu-683x1024.jpg\" alt=\"\" loading=\"lazy\" srcset=\"https:\/\/wecu.com.ar\/wp-content\/uploads\/2020\/12\/consultoria-estrategica-wecu-683x1024.jpg 683w, https:\/\/wecu.com.ar\/wp-content\/uploads\/2020\/12\/consultoria-estrategica-wecu-200x300.jpg 200w, https:\/\/wecu.com.ar\/wp-content\/uploads\/2020\/12\/consultoria-estrategica-wecu-768x1151.jpg 768w, https:\/\/wecu.com.ar\/wp-content\/uploads\/2020\/12\/consultoria-estrategica-wecu-1025x1536.jpg 1025w, https:\/\/wecu.com.ar\/wp-content\/uploads\/2020\/12\/consultoria-estrategica-wecu-1366x2048.jpg 1366w, https:\/\/wecu.com.ar\/wp-content\/uploads\/2020\/12\/consultoria-estrategica-wecu-scaled.jpg 1708w\" sizes=\"(max-width: 683px) 100vw, 683px\" \/>\t\t\t\t\t\t\t\t\t\t\t<\/p>\n<h2>nuestros servicios<\/h2>\n<p>\t\t\t\t\t\t\t\t\t\t<img decoding=\"async\" width=\"1024\" height=\"683\" src=\"https:\/\/wecu.com.ar\/wp-content\/uploads\/2020\/12\/desarrollo-comercial-wecu-1024x683.jpg\" alt=\"\" loading=\"lazy\" srcset=\"https:\/\/wecu.com.ar\/wp-content\/uploads\/2020\/12\/desarrollo-comercial-wecu-1024x683.jpg 1024w, https:\/\/wecu.com.ar\/wp-content\/uploads\/2020\/12\/desarrollo-comercial-wecu-300x200.jpg 300w, https:\/\/wecu.com.ar\/wp-content\/uploads\/2020\/12\/desarrollo-comercial-wecu-768x512.jpg 768w, https:\/\/wecu.com.ar\/wp-content\/uploads\/2020\/12\/desarrollo-comercial-wecu-1536x1024.jpg 1536w, https:\/\/wecu.com.ar\/wp-content\/uploads\/2020\/12\/desarrollo-comercial-wecu.jpg 1920w\" sizes=\"(max-width: 1024px) 100vw, 1024px\" \/>\t\t\t\t\t\t\t\t\t\t\t<\/p>\n<h2>Desarrollo Comercial<\/h2>\n<p>Dise\u00f1amos las variables claves de negocio para empresas en funcionamiento y nuevos proyectos.\u00a0<\/p>\n<p>\t\t\t<svg version=\"1.1\" xmlns=\"http:\/\/www.w3.org\/2000\/svg\" xmlns:xlink=\"http:\/\/www.w3.org\/1999\/xlink\" x=\"0px\" y=\"0px\"  width=\"180px\" height=\"auto\"\n\t viewBox=\"0 0 350.4 573\" style=\"enable-background:new 0 0 350.4 573;\" xml:space=\"preserve\">\n\t<g>\n\t\t<path fill=\"#3287C1\" d=\"M240.1,64.3c17.1,13.3,32,28.8,45.5,45.8c17.9,22.6,32.2,47.3,42.9,74c9.8,24.5,16.5,49.9,19.6,76.2\n\t\t\tc3,25.3,3.2,50.5-0.3,75.8c-2.2,16.2-5.2,32.4-10.1,47.9c-4.8,15.2-10.7,30.3-18.1,44.5c-4.1,7.8-8,15.8-13,23.1\n\t\t\tc-0.4,0.5-0.4,1.3-0.5,1.9c-8.6,11.6-17.3,23.2-25.9,34.9c-4.1,4.1-8.2,8.2-12.2,12.4c-14.8,15.3-31.4,28.4-49.5,39.7\n\t\t\tc-21.8,13.6-45.1,23.5-69.7,30.7c-2.6,0.8-5.3,1.3-8,1.8c-3.6,0.6-7-1.3-7.8-4.3c-1-3.3,0.8-6.7,4.6-7.9\n\t\t\tc5.7-1.8,11.6-3.1,17.3-4.9c32.6-10.1,61.7-26.5,87.8-48.4c19-15.9,34.9-34.4,48.7-54.8c19.4-28.7,32.4-60.3,39.9-94.2\n\t\t\tc3.4-15.3,5.6-30.9,6.3-46.6c1.7-38.4-3.6-75.8-16.5-112.1c-12.3-34.8-30.6-66.2-54.8-94.1c-7.1-8.2-15-15.7-23.1-23\n\t\t\tc-5.8-5.2-11.4-10.5-17.7-15c-18.6-13.3-38.1-25.2-59.3-33.9c-23.8-9.7-48.4-16.6-74.1-18.5c-17.7-1.3-35.3-1.4-52.9,0.6\n\t\t\tc-9.8,1.1-19.3,3.3-28.9,5c-6.5,1.1-8.3-0.4-10-7.5c1.3-1.8,2.6-3.5,3.9-5.3c2.3-1.5,5-2,7.7-2.5C27,2.9,42.5,0.3,58.2,0.1\n\t\t\tc15-0.2,30.1,0,44.9,2.4c35.4,5.9,69.3,16.3,100.3,34.9c6.5,3.9,12.7,8.4,18.7,13.2C228,55.2,234.5,59.2,240.1,64.3z\"\/>\n\t\t<path fill=\"#3287C1\" d=\"M301.2,435.7c0.1,0.2,0.2,0.5,0.3,0.7c-6.6,4.4-13.2,8.8-19.8,13.2c-0.2-0.2-0.3-0.4-0.5-0.6\n\t\t\tC288,444.6,294.6,440.1,301.2,435.7z\"\/>\n\t<\/g>\n<\/svg><\/p>\n<h2>Customer Experience<\/h2>\n<p>Te acompa\u00f1amos en el proceso de conocer a tu cliente, saber qu\u00e9 necesidades tiene y, c\u00f3mo a trav\u00e9s del dise\u00f1o de la experiencia que vos brindas, encuentra las soluciones.<\/p>\n<p>\t\t\t<svg version=\"1.1\" id=\"imagotype\" xmlns=\"http:\/\/www.w3.org\/2000\/svg\" xmlns:xlink=\"http:\/\/www.w3.org\/1999\/xlink\" x=\"0px\" y=\"0px\" width=\"max(10vw,100px)\" height=\"auto\"\n\t viewBox=\"0 0 152 174.3\" style=\"enable-background:new 0 0 152 174.3;\" xml:space=\"preserve\">\n<g id=\"isotype\">\n\t<path fill=\"#fae73e\" d=\"M110,0.9c13,0.8,25,5.3,36.2,12.3c5.9,3.7,7.5,9.7,4.1,15c-3.2,4.9-9.2,6-14.9,2.4\n\t\tc-39.9-25.3-93.1-1-103.8,45.1c-6.9,29.9,2.1,54.3,27,72.6c5.5,4.1,7,9.9,3.8,14.7c-3.5,5.2-9.4,6.2-15.3,2.2\n\t\tc-23.6-16.3-36.7-39-37.8-67.5c-1.5-40,16.2-69.8,51.6-88.5C76.1,1.2,92.6-1.6,110,0.9z\"\/>\n\t<path fill=\"#fae73e\" d=\"M70.3,128.5c-5.3-0.6-9.4-5.6-8.9-10.6c0.6-5.6,5.9-9.9,11.5-9.3c5.3,0.6,9.7,6,9.1,11.1\n\t\tC81.3,125.6,76.4,129.3,70.3,128.5z\"\/>\n\t<path fill=\"#fae73e\" d=\"M58.2,69.5c0.6-6.1,5-10,10.7-9.4c5.4,0.5,9.7,5.8,9.3,11.2c-0.5,5.5-6.1,10.1-11.6,9.3\n\t\tC61,79.9,57.6,75.4,58.2,69.5z\"\/>\n\t<path fill=\"#fae73e\" d=\"M105.3,53.2c0.6-5.7,5.4-9.8,10.9-9.3c5.6,0.5,9.6,5.3,9.1,10.9c-0.6,6-4.8,9.6-10.8,9.1\n\t\tC108.5,63.4,104.7,58.9,105.3,53.2z\"\/>\n\t<path fill=\"#fae73e\" d=\"M90.7,46.1c6,0.7,9.6,5,9.1,10.9c-0.5,5.2-6,9.7-11.2,9.1c-5.7-0.7-9.4-5.3-8.8-11.1\n\t\tC80.5,49,84.9,45.4,90.7,46.1z\"\/>\n\t<path fill=\"#F7DC3E\" d=\"M51.5,94c0.6-6.1,4.7-9.4,10.8-8.8c5.9,0.6,9.8,5.2,9.1,10.8c-0.6,5.4-5.7,9.6-11.2,9.1\n\t\tC54.7,104.7,51,99.9,51.5,94z\"\/>\n<\/g>\n<\/svg><br \/>\n\t\t\t\t\t\t\t\t\t\t<img decoding=\"async\" width=\"1024\" height=\"683\" src=\"https:\/\/wecu.com.ar\/wp-content\/uploads\/2020\/12\/customer-experience-wecu-1024x683.jpg\" alt=\"\" loading=\"lazy\" srcset=\"https:\/\/wecu.com.ar\/wp-content\/uploads\/2020\/12\/customer-experience-wecu-1024x683.jpg 1024w, https:\/\/wecu.com.ar\/wp-content\/uploads\/2020\/12\/customer-experience-wecu-300x200.jpg 300w, https:\/\/wecu.com.ar\/wp-content\/uploads\/2020\/12\/customer-experience-wecu-768x512.jpg 768w, https:\/\/wecu.com.ar\/wp-content\/uploads\/2020\/12\/customer-experience-wecu-1536x1024.jpg 1536w, https:\/\/wecu.com.ar\/wp-content\/uploads\/2020\/12\/customer-experience-wecu.jpg 1920w\" sizes=\"(max-width: 1024px) 100vw, 1024px\" \/><br \/>\n\t\t\t\t\t\t\t\t\t\t<img decoding=\"async\" width=\"1024\" height=\"509\" src=\"https:\/\/wecu.com.ar\/wp-content\/uploads\/2020\/12\/tecnologia-innovacion-1024x509.jpg\" alt=\"\" loading=\"lazy\" srcset=\"https:\/\/wecu.com.ar\/wp-content\/uploads\/2020\/12\/tecnologia-innovacion-1024x509.jpg 1024w, https:\/\/wecu.com.ar\/wp-content\/uploads\/2020\/12\/tecnologia-innovacion-300x149.jpg 300w, https:\/\/wecu.com.ar\/wp-content\/uploads\/2020\/12\/tecnologia-innovacion-768x382.jpg 768w, https:\/\/wecu.com.ar\/wp-content\/uploads\/2020\/12\/tecnologia-innovacion-1536x764.jpg 1536w, https:\/\/wecu.com.ar\/wp-content\/uploads\/2020\/12\/tecnologia-innovacion-2048x1018.jpg 2048w\" sizes=\"(max-width: 1024px) 100vw, 1024px\" \/>\t\t\t\t\t\t\t\t\t\t\t<\/p>\n<h2>Tecnolog\u00eda e Innovaci\u00f3n<\/h2>\n<p>Evaluamos y actualizamos la infreastructura tecnol\u00f3gica en tus procesos para alcanzar la m\u00e1xima eficiencia operativa.<\/p>\n<p>\t\t\t<svg version=\"1.1\" xmlns=\"http:\/\/www.w3.org\/2000\/svg\" xmlns:xlink=\"http:\/\/www.w3.org\/1999\/xlink\" x=\"0px\" y=\"0px\" width=\"50px\" height=\"auto\"\n\t viewBox=\"0 0 123.5 292.4\" style=\"enable-background:new 0 0 123.5 292.4;\" xml:space=\"preserve\">\n<path fill=\"#FAB474\" d=\"M0,237.4c0-4,0-8.1,0-12.1c1-18.4,9.3-33,24-43.8c8-5.9,16.7-10.6,27-11.1c6.3-0.8,12.6-0.8,19,0\n\tc13.8,1.2,25.5,7.3,35.1,16.9c9,9.1,15.3,20.1,17.2,33c2.8,19.1-1,36.6-14.1,51.5c-8.8,10-19.6,16.8-32.6,20\n\tc-2.1,0.5-4.3,0.6-6.4,0.8c-5.1,0-10.2,0-15.3,0c-10.9-0.3-20.3-4.7-28.7-11.1C10.7,270.3,1.8,255.8,0,237.4z\"\/>\n<path fill=\"#FAB474\" d=\"M0.4,67.6c0-4,0-8.1,0-12.1c1-18.4,9.3-33,24-43.8c8-5.9,16.7-10.6,27-11.1c6.3-0.8,12.6-0.8,19,0\n\tc13.8,1.2,25.5,7.3,35.1,16.9c9,9.1,15.3,20.1,17.2,33c2.8,19.1-1,36.6-14.1,51.5c-8.8,10-19.6,16.8-32.6,20\n\tc-2.1,0.5-4.3,0.6-6.4,0.8c-5.1,0-10.2,0-15.3,0c-10.9-0.3-20.3-4.7-28.7-11.1C11.1,100.5,2.2,86,0.4,67.6z\"\/>\n<\/svg><br \/>\n\t\t\t<svg version=\"1.1\" zmlns=\"http:\/\/www.w3.org\/2000\/svg\" xmlns:xlink=\"http:\/\/www.w3.org\/1999\/xlink\" x=\"0px\" y=\"0px\" width=\"220px\" height=\"auto\"\n\t viewBox=\"0 0 714.2 662.8\" style=\"enable-background:new 0 0 714.2 662.8;\" xml:space=\"preserve\">\n<path fill=\"#FAB474\" d=\"M403.5,662.8c-1.4-1.8-3.4-0.9-5.1-1c-30.9-0.9-61.1-6.1-90.9-14.2c-13.9-3.8-27.6-8.2-40.9-13.8\n\tc-40.2-17-77.7-38.3-111.6-66c-39.2-32.1-72.1-69.7-97.9-113.4c-25-42.5-42.1-88-50.5-136.6c-3-17.5-6.2-35-6.1-52.8\n\tc-0.9-8.9-0.2-17.9-0.4-26.8c-0.2-35.6,5.6-70.3,15.5-104.3c4.2-14.4,10.3-28.1,16.5-41.8c4.6-10.2,10-19.9,14.3-30.2\n\tc2.2-5.4,6.5-9.6,9.7-14.5c8.7-13.4,17-27,27.5-39.2c3.9-4.6,8.1-7.7,14-8.2c1,0,2,0,3,0c5.3,1.7,10.1,3.9,12.4,9.7\n\tc2.3,5.6,1.5,10.7-2,15.4c-7.1,9.4-14.6,18.5-21.3,28.2C74.5,75.1,62,98.4,53.3,123.4c-7.1,20.3-13.5,40.8-17.3,62.2\n\tc-4.9,28.2-7,56.5-5.1,84.9c2.8,42.1,12.1,83,28.7,122c14,32.9,32.1,63.4,54.3,91.4c8.9,11.2,18.4,21.9,28.5,32\n\tc24.8,24.7,52.2,46.3,82.7,63.7c24.9,14.2,50.8,26,78.2,34.6c18.8,5.9,38,10.1,57.6,12.7c16.6,2.2,33.2,3.8,50,4\n\tc20.4,0.3,40.5-1,60.7-3.9c24-3.5,47.3-9.5,70-17.9c37.5-13.9,72.4-32.3,102.7-58.8c15-13.2,29-27.4,42.4-42.3\n\tc7-7.7,18.2-7.7,24.7,0.4c0.9,1.1,1.1,2.9,2.8,3.3c0,3.7,0,7.3,0,11c-2.3,7.8-8.4,13.1-13.6,18.7c-25.4,27.7-54.3,51.1-86.8,70\n\tc-32.2,18.7-66.4,32.3-102.6,40.9c-17,4.1-34.1,7.5-51.6,9c-8.6,0.8-17.3,1-25.9,0.8c-1.1,0-2.3-0.4-3.3,0.5\n\tC421.5,662.8,412.5,662.8,403.5,662.8z\"\/>\n<\/svg><\/p>\n<h2>Administraci\u00f3n de Negocio<\/h2>\n<p>Implementamos t\u00e9cnicas de Gesti\u00f3n para que tu negocio sea m\u00e1s organizado y productivo.<\/p>\n<p>\t\t\t<svg version=\"1.1\" xmlns=\"http:\/\/www.w3.org\/2000\/svg\" xmlns:xlink=\"http:\/\/www.w3.org\/1999\/xlink\" x=\"0px\" width=\"260px\" height=\"auto\"\n\t y=\"0px\" viewBox=\"0 0 1102.8 542.5\" style=\"enable-background:new 0 0 1102.8 542.5;\" xml:space=\"preserve\">\n<path fill=\"#589881\" d=\"M1101.8,35c-0.5,24.6-3.9,48.9-8.5,73.1c-6.6,35.3-17.1,69.5-30.9,102.6c-10.8,26-23.9,50.8-38.8,74.8\n\tc-23.1,37.1-50.7,70.4-81.9,100.8c-19.8,19.3-40.9,37.2-63.5,53.1c-68,47.8-143,79.2-224.9,93.9c-20.6,3.7-41.4,6-62.3,7.8\n\tc-4.3,1-8.8-0.4-13.1,0.8c-2.3,0.1-4.5,0.2-6.8,0.3c-15.4,0.3-30.7,0.8-46.1-0.3c-78.7-3.9-153.6-22.7-224.2-57.8\n\tc-43.1-21.4-82.9-47.9-119.1-79.7c-47.4-41.7-86.7-89.9-117.3-145.2C41.2,217.5,24,173.4,13.5,127c-5-22.2-8.9-44.8-10.6-67.7\n\tC2.1,48.4,0.9,37.5,1,26.5c0-1.2,0.7-2.7-1-3.5c0-5,0-10,0-15c1.7-6.3,2.7-7.2,8.6-7.5c84.8,0,169.6,0,254.4,0c2,0,4-0.5,5.9,0.4\n\tc5.3,2.7,7.1,6.4,5.9,11.7c-1,4.1-4.6,6.4-10,6.4c-74.3,0-148.6,0-222.9,0c-6,0-12,0.4-18,0.2c-3.4-0.1-4.2,1-4.2,4.2\n\tc0,12.7,1.3,25.2,2.5,37.8c1.8,19.8,5,39.4,9.6,58.8c10,41.5,24.2,81.4,43.8,119.4c22.5,43.6,50.7,83.2,84.6,118.6\n\tc72.9,76.3,161.1,126,263.5,150.8c48.5,11.8,97.7,16.5,147.5,14.7c57.4-2.1,113.1-12.7,167.1-32.8c36.6-13.7,71.8-29.9,104.5-51.3\n\tc29.9-19.6,58-41.2,83.8-66.1c35.6-34.4,65.7-72.9,90.5-115.6c16.5-28.5,29.8-58.4,40.2-89.7c7.4-22.4,13.4-45.1,17.7-68.2\n\tc5.2-28.3,8.3-56.9,7.9-85.8c-0.1-5.9,1.5-10.7,6.8-13.9c2,0,4,0,6,0c4.2,1.1,6.5,3.7,7,8c0,3.7,0,7.3,0,11\n\tC1101.4,24.3,1103.2,29.7,1101.8,35z\"\/>\n<path fill=\"#589881\" d=\"M422.8,197c-15.8,0-27.6-11.9-27.8-27.7c-0.2-16.9,14.7-28,27.8-27.4c15.8,0.7,27.7,11.9,27.7,27.6\n\tC450.7,184.8,438.4,196.9,422.8,197z\"\/>\n<path fill=\"#589881\" d=\"M378.9,103.1c0,15.4-12,27.6-27.2,27.7c-15.1,0-28.2-12.9-27.6-28.1c0.5-15.2,10.7-27.2,27.7-27.3\n\tC369.6,75.5,379.9,90.6,378.9,103.1z\"\/>\n<\/svg><br \/>\n\t\t\t\t\t\t\t\t\t\t<img decoding=\"async\" width=\"1024\" height=\"576\" src=\"https:\/\/wecu.com.ar\/wp-content\/uploads\/2020\/12\/administracion-negocio-wecu-1024x576.jpg\" alt=\"\" loading=\"lazy\" srcset=\"https:\/\/wecu.com.ar\/wp-content\/uploads\/2020\/12\/administracion-negocio-wecu-1024x576.jpg 1024w, https:\/\/wecu.com.ar\/wp-content\/uploads\/2020\/12\/administracion-negocio-wecu-300x169.jpg 300w, https:\/\/wecu.com.ar\/wp-content\/uploads\/2020\/12\/administracion-negocio-wecu-768x432.jpg 768w, https:\/\/wecu.com.ar\/wp-content\/uploads\/2020\/12\/administracion-negocio-wecu-1536x864.jpg 1536w, https:\/\/wecu.com.ar\/wp-content\/uploads\/2020\/12\/administracion-negocio-wecu.jpg 1920w\" sizes=\"(max-width: 1024px) 100vw, 1024px\" \/>\t\t\t\t\t\t\t\t\t\t\t<\/p>\n<h2>testimonios<\/h2>\n<p>\t\t\t\t\t\t\u00abEl proyecto con wecu fue muy efectivo y todo un aprendizaje para nuestro equipo.\u00bb<br \/>\n\t\t\t\t\t\t\t\t<cite>JuanGerente Comercial<\/cite><br \/>\n\t\t\t\t\t\t\u00abFue muy productivo trabajar con wecu. Cumplimos con todos los objetivos propuestos\u00bb<br \/>\n\t\t\t\t\t\t\t\t<cite>In\u00e9sRRHH<\/cite><br \/>\n\t\t\t\t\t\t\u00abNuestra experiencia con wecu fue muy enriquecedora.\u00bb<br \/>\n\t\t\t\t\t\t\t\t<cite>PabloGerente de Sistemas<\/cite><br \/>\n\t\t\t\t\t\t\u00abEl equipo de wecu fue altamente profesional y flexible para llevar adelante las tareas\u00bb<br \/>\n\t\t\t\t\t\t\t\t<cite>Luj\u00e1nContadora P\u00fablica<\/cite>\t\t\t<\/p>\n<h2>Contact\u00e1nos<\/h2>\n<p>\t\t\t<a href=\"mailto:contacto@wecu.com.ar\">contacto@wecu.com.ar<\/a><br \/>\n\t\t\t\t\t<a href=\"https:\/\/www.linkedin.com\/company\/wecu-consultora\" target=\"_blank\" rel=\"noopener\"><br \/>\n\t\t\t\t\t\tLinkedin<br \/>\n\t\t\t\t\t\t\t\t\t\t\t<\/a><\/p>\n","protected":false},"excerpt":{"rendered":"<p>Potenciamos oportunidades de mejora en tu empresa. C\u00f3mo somos wecu es un aliado tanto para profesionales como para empresas, que genera sinergia entre ellos con el objetivo de alcanzar un efecto superador, que maximice las cualidades y las posibilidades de todos los actores involucrados. nuestros servicios Desarrollo Comercial Dise\u00f1amos las variables claves de negocio para [&hellip;]<\/p>\n","protected":false},"author":1,"featured_media":0,"parent":0,"menu_order":0,"comment_status":"closed","ping_status":"closed","template":"","meta":{"footnotes":""},"_links":{"self":[{"href":"https:\/\/wecu.com.ar\/index.php?rest_route=\/wp\/v2\/pages\/142"}],"collection":[{"href":"https:\/\/wecu.com.ar\/index.php?rest_route=\/wp\/v2\/pages"}],"about":[{"href":"https:\/\/wecu.com.ar\/index.php?rest_route=\/wp\/v2\/types\/page"}],"author":[{"embeddable":true,"href":"https:\/\/wecu.com.ar\/index.php?rest_route=\/wp\/v2\/users\/1"}],"replies":[{"embeddable":true,"href":"https:\/\/wecu.com.ar\/index.php?rest_route=%2Fwp%2Fv2%2Fcomments&post=142"}],"version-history":[{"count":407,"href":"https:\/\/wecu.com.ar\/index.php?rest_route=\/wp\/v2\/pages\/142\/revisions"}],"predecessor-version":[{"id":691,"href":"https:\/\/wecu.com.ar\/index.php?rest_route=\/wp\/v2\/pages\/142\/revisions\/691"}],"wp:attachment":[{"href":"https:\/\/wecu.com.ar\/index.php?rest_route=%2Fwp%2Fv2%2Fmedia&parent=142"}],"curies":[{"name":"wp","href":"https:\/\/api.w.org\/{rel}","templated":true}]}}